 -15 + 12 - (3 - 2)*(-6)/2. Let q(t) be the third derivative of x*t - 25*t**2 + 1/12*t**4 + 5/6*t**3 + 0. What is q(-6)?
-7
Let u(f) = 4 + 0*f - 8*f**2 + 2*f**2 + f - f**3 - 8*f. Suppose 58*j = -442 + 210. Calculate u(j).
0
Let o(c) = -15*c**2 - 2*c. Let t(p) = -2*p**2 + 117*p - 57. Let s be t(58). Determine o(s).
-17
Suppose g = 4*q + 17, 8*g - q = 11*g + 1. Suppose 2*t - 3*y - 15 = -3*t, t - g = y. Let f(r) = r**3 - 5*r**2 - 8*r + 5. What is f(t)?
-7
Let g be 6/(-2)*((-2)/(-1))/6. Let m = 7 - -1. Let s(r) = -16*r + 11*r - m*r. What is s(g)?
13
Let x(p) = 5*p + 2*p + 23*p + 1514 - 758 - 748. Determine x(-1).
-22
Let j be (-13)/(-91) + 60/21 + -1. Suppose 0 = -0*h + 4*h + j*y, 2*y - 1 = -3*h. Let l(q) = -10*q**2 - 2*q - 1. What is l(h)?
-9
Let r(a) = 21*a + 50 + 13*a + 17 - 1 - 33*a. Determine r(0).
66
Let b(w) = 18014*w - 114. Let m(y) = -772*y + 5. Let p(f) = -3*b(f) - 70*m(f). Let q = 16 + -4. Let s be 1/(-1) - q/2. Determine p(s).
6
Let k(f) = f + 4. Let y be k(-4). Let b(r) = 34*r - 35*r + 8 - 24. Calculate b(y).
-16
Suppose -2*o + 28 = 4*b, o - 416 = 5*b - 423. Let w(n) = n**2 + 2*n - 80. Calculate w(o).
0
Suppose 134*z = 151*z - 612. Suppose 2*q - z = 20*q. Let r(o) be the second derivative of o**5/20 + o**4/6 - o**2/2 - o. What is r(q)?
-1
Suppose 2*q - 8 = -0*q - 3*j, 3*q = -4*j + 12. Suppose q*r - 4 = 8*r. Let y(z) = 14*z**3. Calculate y(r).
-14
Let p(h) = 2*h + 0 - 3 - 1. Let k = 6829 - 6824. Determine p(k).
6
Let s(b) = -b**3 - 2*b**2 + 3*b - 2. Let r(o) = o**2 + 13*o + 18. Let t be r(-11). Calculate s(t).
18
Let r(d) = -d**3 - 7*d**2 - 3*d + 13. Let l be (-320)/(-72) + (-60)/6 + (-4)/9. What is r(l)?
-5
Let v be (630/54)/((-65)/(-39)). Let f(n) = 104*n - 721. Give f(v).
7
Let g = 4994 + -4991. Let s(f) = 10*f - 29. What is s(g)?
1
Let r(p) = p + 25. Let l(y) be the first derivative of 5*y + 1. Let b(h) = 22*l(h) - 4*r(h). Suppose 4*u = o + 1, u + 28 - 37 = -o. Determine b(o).
-18
Let t(h) be the second derivative of 0 + 17/2*h**2 + 1/12*h**4 + 32*h - 5/3*h**3. What is t(6)?
-7
Suppose -1966 = -39*i - 718. Suppose 46*j = i*j + 140. Let q(p) = -p**3 + 9*p**2 + 11*p - 9. Calculate q(j).
1
Let d(r) be the third derivative of -r**6/120 + r**5/12 - r**4/12 - r**3/3 + 14*r**2. Let h = -5297 + 5301. Determine d(h).
6
Suppose 209 = -2*y + 141. Let a = y + 39. Let r(l) = -19*l - a*l + 22*l + 1. Calculate r(-4).
9
Let n(q) = -q**2 - 13*q - 11 - 3*q - 8 + 11*q - 10*q. Calculate n(-17).
-53
Let q(x) be the third derivative of x**5/15 + x**3/3 + 976*x**2. Give q(2).
18
Suppose 3*f - 11 = -4*n, 2*f = 7*f - n - 49. Let o(t) = -4*t - 12. Let d(b) = 9*b + 25. Let v(s) = -2*d(s) - 5*o(s). Give v(f).
28
Let k(z) be the first derivative of z**3/3 + 21*z**2/2 - 13*z - 8. Determine k(-20).
-33
Let t(u) = -4*u**2 - 2*u + 3. Suppose -4 = -4*s - 0. Let p(h) = h**2 + h - 1. Let k(r) = s*t(r) + 3*p(r). Give k(-1).
-2
Let m(j) = -j**3 - 9*j**2 + 218*j + 27. Let n be m(11). Let b(y) = 12*y - 58. Give b(n).
2
Let f(v) = 4*v**3 - 5*v**2 - 7*v + 1. Let q(s) = 5*s**3 - 6*s**2 - 8*s + 1. Let g = 254 - 131. Let i = g - 120. Let b(z) = i*q(z) - 4*f(z). Determine b(4).
-17
Let o(z) = -24*z + 73. Let n(p) = 74*p - 218. Let r(w) = 4*n(w) + 11*o(w). Let k be r(2). Let m(c) = -2*c - 4. Calculate m(k).
6
Let f(c) = 2*c. Let l(q) = -5*q + 21. Let j(y) = 4*f(y) + l(y). Let w be j(-9). Let s(v) = -v**3 - 5*v**2 + 7*v + 9. Determine s(w).
3
Suppose -2*t + 4*u - 6 = 0, -5 = -3*t - 4*u + 3*u. Let h(g) = 8*g**2 - 7*g + 7. Let y be h(t). Let d(q) = -q + 12. What is d(y)?
4
Let b be (14/(-8) - -1)*(-61 + -223)/71. Let i(a) = -6*a + 4. Let c(x) = -13*x + 8. Let z(u) = -3*c(u) + 5*i(u). Calculate z(b).
23
Let w(f) = f**3 + 13*f**2 + 12*f - 3. Let a be (-168)/(-20)*(6 - (-1 - -2)). Let h be ((-2)/(-8))/(42/56)*a. Suppose 0 = -3*y - 22 - h. What is w(y)?
-3
Suppose d = 5*n + 12, 2*d + 137*n + 18 = 133*n. Let v(w) = -2*w**2 - 3*w - 4. Calculate v(d).
-13
Let z be (-1846)/(-130) - (-2)/(-10). Suppose -39*j + z - 599 = 0. Let l(g) = g**2 + 14*g - 15. Give l(j).
0
Let q(j) = -j**3 - j + 2. Suppose -3*k - 14 = -3*a - 23, a + 2 = 0. Give q(k).
0
Suppose -2*g + 30 = 3*g. Suppose g = 5*r - 19. Let f(s) = -3 + 0*s - r*s - s**2 + s + 0*s**2. Determine f(-2).
1
Let d = -473 - -491. Suppose -d*n + 18 = -36. Let j(t) = -t**2 - t + 4. Determine j(n).
-8
Let t(p) be the second derivative of -p**4/6 - 5*p**3/6 - 3*p**2/2 - 8*p. Let m be 4/(-8) + -2 + 15/(-6). Calculate t(m).
-28
Suppose 35*g = -3*i + 31*g - 2, -28 = 2*i - 4*g. Let n(u) = -71*u - 428. What is n(i)?
-2
Suppose 2*h - 13 = l + 2*l, 3*h - 15 = 3*l. Let s be ((-5)/(5/l))/(0 - -1). Let g(w) = -w. Let p(b) = b**2 + 3. Let j(r) = 4*g(r) + p(r). Give j(s).
0
Let r(b) be the first derivative of -b**4/8 - b**3/2 - 4*b**2 - 5. Let t(d) be the second derivative of r(d). Let i be (-18)/2 + -4 + 9. Give t(i).
9
Let n(y) be the first derivative of 8*y**2 - 5*y + 3143. Determine n(2).
27
Let s(u) = -u**3 - 15. Suppose -39*q + 81 - 81 = 0. Calculate s(q).
-15
Let f(z) = z**2 + 15*z - 35. Let p(d) = 208*d**2 + 164*d**2 + 21*d + 2*d**3 + 162*d**2 - 493*d**2 + 3. Let j be p(-20). What is f(j)?
-1
Let n(k) be the first derivative of k**3 + 15*k**2/2 - 11*k - 63. Let s(f) be the first derivative of n(f). Determine s(-6).
-21
Let a(w) = 3*w**2 - 2*w + 25. Let t(c) = -9*c**2 - 10*c - 77. Let f(r) = 7*a(r) + 2*t(r). What is f(10)?
-19
Let c(d) = d**3 - 11*d**2 + 16*d + 16. Let f be 2*42/(-28) - -12. What is c(f)?
-2
Let z(p) = 2 - 29 - 5*p**2 + 6 + 10 + 6*p**3 - 10*p + 2. Let n(a) = -5*a**3 + 7*a**2 + 8*a + 9. Let f(s) = -5*n(s) - 4*z(s). Determine f(15).
-9
Let g(j) = -j**3 - 3*j**2 + 1. Let w = 14 + -19. Let t be 4 + (w - -2) + -75. Let o = 72 + t. What is g(o)?
-3
Let o = 26 - 18. Let a = 62 + o. Suppose 6*b = -4*b - a. Let v(j) = j**3 + 7*j**2 - j - 10. Calculate v(b).
-3
Let g(r) = 12*r - 123. Let y(s) = 48*s - 370. Let i(m) = -7*g(m) + 2*y(m). Determine i(-9).
13
Let w = -113/33 - -192/55. Let z(m) be the third derivative of -17*m**2 + w*m**5 + 0 - 1/6*m**3 - 1/12*m**4 + 0*m. What is z(-1)?
5
Let a(x) be the first derivative of -4*x**2 - 23*x - 235. Give a(-2).
-7
Let o(q) be the first derivative of -q**6/120 - q**5/10 - q**4/6 + 4*q**3/3 - 99*q**2/2 + 28. Let k(t) be the second derivative of o(t). Calculate k(-4).
-8
Let z(c) be the second derivative of c**4/12 + 2*c**3 - 24*c**2 + 55*c. Let k be z(3). Let o(t) = -t**3 - 3*t**2 + 3*t - 2. Calculate o(k).
-11
Suppose -3*d + g - 22 = -8*d, 26 = 4*d + 5*g. Suppose -21 = -6*q - q. Let b(l) = -3 - 5*l + 4 + 2 + q*l. Calculate b(d).
-5
Suppose 7*b - 12*n + 19 = -14*n, -2*n - 9 = -3*b. Let k(o) = -3*o**3 - 3*o**2 - 2*o + 1. Give k(b).
3
Let p(u) = -2*u**3 + 23*u**2 - 22*u - 85. Let t be p(10). Let q(h) = h**3 + 4*h**2 + 4*h + 49. Calculate q(t).
4
Suppose 15*u + 2 = 47. Suppose -7*y - u - 25 = 0. Let c(b) be the third derivative of -b**6/120 - b**5/10 - b**4/4 - b**3/2 + b**2. Determine c(y).
-11
Let v(o) = 10*o - 32. Let x(y) = -5*y + 12. Let a(q) = -3*v(q) - 5*x(q). Determine a(15).
-39
Let q(r) = r**2 + 6*r + 13. Let f(m) = -2*m**2 - 13*m - 27. Let n be (-1)/3 + (-2 - (-8)/(-12)). Let s(c) = n*f(c) - 5*q(c). Calculate s(-7).
2
Let w(b) = -5*b + 4*b + 41 - 169 + 46 + 45 + 38. Suppose 2*m = 4*m - 16. Determine w(m).
-7
Let i be -1*(-1)/(-3) + 154/21. Let u(j) = -j**3 + 8*j**2 - 5*j - 9. Calculate u(i).
5
Suppose 24 = 3*y - 5*m, -3*y + 39*m = 35*m - 24. Let k(d) = 3*d - 39. Calculate k(y).
-15
Let d be (8/(-6))/(468/(-702)). Let i(s) be the second derivative of -1/6*s**3 + 0 - s - d*s**2. Determine i(0).
-4
Let f be -2 - ((-99)/12 + 12/(-16)). Suppose f*v - 11 = -3*w + 2*v, -4*v = -2*w. Let t(p) = -3*p**3 + 2*p**3 - p + 1 + p**2 - 4*p**w + 0*p**2. Give t(-3).
4
Suppose 524*r = 520*r + 4. Let y be (-3)/(-24)*8*r*-7. Let v(q) = -q**2 - 7*q + 1. Calculate v(y).
1
Suppose 97 = -5*a - 0*a - 3*f, -4*a - f - 79 = 0. Let r be -3 - (a/5 - 3). Let t(v) = -2*v**2 + 0*v**3 + 6 - 4*v**2 + v**3 + r*v - v**2. What is t(6)?
-6
Let s(m) = m**3 + 2*m**2 - 3*m - 3. Let o be s(-2). Suppose -5*h + i = -34, o*i = h + i - 14. Let q(l) = l**2 - 6*l - 1. Give q(h).
-1
Let m(v) = 23350*v**2 + 23353*v**2 + 5*v - 46702*v**2 + 3. Suppose 2*j - 8 = 2*b - 0*b, -3*b - 3*j = 6. Calculate m(b).
-3
Let q(v) = -v**2 + 8*v + 2. Let s(h) = -43